6 and 27348?
636
Calculate the highest common divisor of 3140579 and 403.
403
What is the greatest common divisor of 8603820 and 132540?
2820
Calculate the greatest common factor of 17360 and 272160.
560
Calculate the greatest common divisor of 276 and 5059536.
12
What is the greatest common divisor of 364 and 327158?
26
Calculate the greatest common divisor of 12700 and 1385360.
20
Calculate the greatest common factor of 60777 and 4623554.
2251
What is the highest common divisor of 12 and 446268864?
12
What is the greatest common factor of 1887 and 49317?
51
What is the greatest common divisor of 1248 and 777381?
3
Calculate the greatest common factor of 53636215 and 14510.
7255
What is the greatest common divisor of 764716 and 3700?
148
Calculate the highest common divisor of 387 and 16849335.
129
What is the highest common factor of 110 and 218011508?
22
What is the highest common factor of 1546413497 and 2309?
2309
What is the greatest common divisor of 96396280 and 10?
10
Calculate the greatest common factor of 1340987 and 1066.
41
What is the greatest common divisor of 189228 and 7358?
26
What is the greatest common divisor of 11747724 and 36?
12
What is the highest common divisor of 8370 and 2011770?
270
What is the highest common factor of 2088 and 16720356?
348
What is the highest common factor of 585 and 2051055?
45
What is the highest common divisor of 624 and 3810066?
78
Calculate the highest common factor of 24 and 221257500.
12
Calculate the greatest common factor of 140 and 5999672.
28
Calculate the greatest common factor of 906915 and 4017.
309
What is the greatest common factor of 9 and 18155115?
9
Calculate the highest common factor of 178 and 48053859.
89
What is the greatest common factor of 229905 and 3400891?
1703
What is the highest common divisor of 5382312 and 458328?
4056
Calculate the highest common divisor of 207631 and 4805847.
523
Calculate the greatest common factor of 11342 and 29926616.
214
Calculate the highest common divisor of 100 and 7079250.
50
What is the greatest common divisor of 8001 and 10384409?
889
Calculate the highest common divisor of 97940205 and 2970.
1485
What is the greatest common factor of 10225038 and 122778?
2154
What is the greatest common factor of 9197 and 25113220?
541
What is the greatest common factor of 36 and 111925458?
18
What is the greatest common divisor of 42676 and 184861763?
10669
Calculate the highest common factor of 1269716 and 4265632.
3836
What is the highest common factor of 13276116 and 204?
204
What is the highest common divisor of 10 and 5048236?
2
Calculate the greatest common divisor of 226780 and 16261.
23
What is the greatest common divisor of 26099424 and 7488?
3744
What is the highest common divisor of 379715 and 10640?
665
What is the highest common factor of 34 and 13272240?
34
Calculate the greatest common factor of 1153425 and 144495.
2535
What is the highest common divisor of 5642 and 245882?
182
Calculate the greatest common factor of 28 and 7733068.
28
What is the highest common divisor of 14124443 and 5637?
1879
Calculate the highest common factor of 736 and 14088.
8
What is the highest common divisor of 91784020 and 340?
340
What is the greatest common factor of 18 and 82865898?
18
What is the highest common factor of 182 and 652855112?
182
What is the greatest common factor of 1100 and 26524900?
100
What is the highest common factor of 19362 and 1239?
21
Calculate the greatest common factor of 13268167 and 9889.
319
What is the greatest common divisor of 34058219 and 3227?
461
What is the greatest common factor of 74400 and 92490?
30
Calculate the greatest common factor of 33 and 6044475.
3
What is the highest common divisor of 883728 and 2256?
48
What is the highest common divisor of 2683478 and 602?
14
Calculate the greatest common factor of 198619 and 7.
1
Calculate the greatest common factor of 40698 and 27163654.
4522
What is the greatest common factor of 675842827 and 11?
11
Calculate the highest common divisor of 114495103 and 339.
113
What is the greatest common factor of 145024 and 40?
8
Calculate the greatest common divisor of 213175188 and 60.
12
Calculate the highest common factor of 1953 and 684873.
63
Calculate the greatest common divisor of 5604 and 259116351.
1401
Calculate the greatest common divisor of 12222425 and 150.
25
What is the greatest common divisor of 57762778 and 1934?
1934
What is the highest common divisor of 865 and 19203865?
865
What is the highest common divisor of 458 and 1105313384?
458
What is the highest common divisor of 5171 and 141731939?
5171
Calculate the greatest common divisor of 85215 and 225285.
345
Calculate the highest common divisor of 115573608 and 432.
216
Calculate the greatest common factor of 1745610 and 3990.
30
Calculate the greatest common factor of 179531 and 44.
11
What is the greatest common divisor of 1305 and 166810465?
145
What is the greatest common factor of 97929 and 25155?
117
Calculate the greatest common factor of 292 and 346561076.
292
What is the highest common factor of 3123 and 87381?
9
What is the greatest common factor of 158434 and 602878?
74
What is the greatest common divisor of 4252026 and 23832?
1986
Calculate the highest common divisor of 5967 and 1828710.
351
Calculate the highest common factor of 117758625 and 32535.
3615
Calculate the greatest common factor of 27528237 and 792.
99
What is the highest common factor of 739454 and 92018?
662
Calculate the highest common factor of 1204 and 7793191.
301
What is the highest common factor of 66588093 and 10881?
3627
What is the highest common factor of 1812900 and 13200?
300
What is the greatest common divisor of 223097664 and 512?
64
Calculate the greatest common factor of 7 and 8796053.
7
Calculate the greatest common factor of 78119 and 12116216.
409
Calculate the greatest common factor of 82467 and 3276.
63
Calculate the greatest common factor of 500 and 481869250.
250
What is the greatest common factor of 3570960 and 31960?
40
What is the highest common divisor of 21248 and 170560352?
2656
What is the highest common factor of 34 and 488600111?
17
What is the greatest common factor of 216 and 44376?
24
Calculate the highest common divisor of 374971560 and 840.
120
Calculate the greatest common factor of 948 and 7040196.
12
Calculate the highest common factor of 115 and 15045105.
115
What is the highest common factor of 33554 and 59014?
38
What is the greatest common divisor of 1998345 and 8255?
635
What is the greatest common divisor of 34043 and 8201?
59
Calculate the highest common factor of 120 and 7145125.
5
What is the greatest common factor of 23 and 325080?
1
Calculate the highest common divisor of 3296 and 48696.
8
Calculate the highest common factor of 871 and 47510437.
871
Calculate the highest common factor of 345806 and 129.
43
What is the highest common factor of 84 and 10163314?
14
What is the highest common divisor of 58100 and 31675?
175
What is the greatest common factor of 370 and 11915110?
370
Calculate the highest common divisor of 1890 and 3934.
14
Calculate the greatest common factor of 149984950 and 150.
50
What is the greatest common factor of 64014657 and 8862?
4431
Calculate the greatest common divisor of 171708 and 738.
246
Calculate the greatest common divisor of 10802092 and 98577.
1217
Calculate the greatest common divisor of 28795 and 539131.
443
What is the greatest common divisor of 140 and 15603784?
28
Calculate the greatest common factor of 82524 and 4518.
6
What is the greatest common factor of 15759 and 327849?
309
What is the greatest common factor of 228207 and 57?
3
What is the greatest common divisor of 1544717 and 8232538?
8929
Calculate the highest common factor of 1234500825 and 1175.
1175
What is the greatest common factor of 27343700 and 15050?
2150
Calculate the highest common divisor of 45402315 and 210.
105
Calculate the highest common factor of 4550 and 47593.
91
Calculate the highest common divisor of 28 and 57077972.
28
Calculate the greatest common factor of 8 and 31032392.
8
Calculate the highest common divisor of 32278175 and 219275.
4475
What is the greatest common factor of 1409588 and 1325?
53
What is the greatest common divisor of 1004589 and 12528?
783
Wh